{"id":3241,"date":"2021-08-26T13:25:37","date_gmt":"2021-08-26T11:25:37","guid":{"rendered":"https:\/\/video.sovanta.com\/?page_id=3241"},"modified":"2021-09-02T10:37:13","modified_gmt":"2021-09-02T08:37:13","slug":"digital-workplace","status":"publish","type":"page","link":"https:\/\/video.sovanta.com\/?page_id=3241","title":{"rendered":"HR Solutions &#8211; Digital Workplace"},"content":{"rendered":"\n<h1><strong><span style=\"color:#3aaa35\" class=\"has-inline-color\">HR Solution by sovanta<\/span><\/strong><\/h1>\n\n\n\n<h1>HR als Treiber des Digital Workplace<\/h1>\n\n\n\n<p>Vortrag | 58:41 Minuten | Deutsch<\/p>\n\n\n<p><iframe loading=\"lazy\" title=\"HR als Treiber des Digital Workplace\" src=\"https:\/\/player.vimeo.com\/video\/577113310?dnt=1&amp;app_id=122963&amp;h=94e30a08af\" width=\"648\" height=\"365\" frameborder=\"0\" allow=\"autoplay; fullscreen; picture-in-picture\" allowfullscreen><\/iframe><\/p>\n\n\n<h3>Kurzbeschreibung:<\/h3>\n\n\n\n<p>Das Thema Digital Workplace f\u00fcr Mitarbeiter wird \u2013 gerade in Zeiten von remote-work \u2013 immer wichtiger und stellt Unternehmen vor neue Herausforderungen, um effiziente, nutzergerechte Arbeitspl\u00e4tze bereitzustellen. In diesem Vortrag zeigen wir auf, warum HR in diesem Prozess eine besondere Rolle zukommt. <\/p>\n\n\n\n<p>Erfahren Sie, wie sovanta mit SAP Launchpad, SAP WorkZone, SAP Fiori und SAP UI5 L\u00f6sungen bereitstellt, die die Produktivit\u00e4t ma\u00dfgeblich verbessern und den Mitarbeitern auch \u201eremote\u201c eine digitale Unternehmenszugeh\u00f6rigkeit bietet.<br><br>Christian Heinrich, Head of Marketing &amp; Solutions, beleuchtet den Problembereich und erl\u00e4utert, wie und warum die Personalabteilung die Schaltzentrale f\u00fcr den Digital Workplace ist.<\/p>\n\n\n\n<p>Sie haben Fragen, Anregungen oder Feedback zum Video? Wir freuen uns auf den Austausch mit Ihnen: <a rel=\"noreferrer noopener\" href=\"mailto:christian.heinrich@sovanta.com\" target=\"_blank\">christian.heinrich@sovanta.com<\/a><\/p>\n\n\n\n<div style=\"height:10px\" aria-hidden=\"true\" class=\"wp-block-spacer\"><\/div>\n\n\n\n<h3>Das k\u00f6nnte Sie auch noch interessieren:<\/h3>\n\n\n\n<div class=\"wp-block-columns\">\n<div class=\"wp-block-column\">\n<figure class=\"wp-block-image size-large\"><a href=\"workforce-management\" target=\"_blank\" rel=\"noopener\"><img loading=\"lazy\" width=\"1224\" height=\"689\" src=\"http:\/\/video.sovanta.com\/wp-content\/uploads\/2021\/08\/Thumbnail_Time-Workforce-Management_1920x1080-1224x689.png\" alt=\"\" class=\"wp-image-3352\" srcset=\"https:\/\/video.sovanta.com\/wp-content\/uploads\/2021\/08\/Thumbnail_Time-Workforce-Management_1920x1080-1224x689.png 1224w, https:\/\/video.sovanta.com\/wp-content\/uploads\/2021\/08\/Thumbnail_Time-Workforce-Management_1920x1080-300x169.png 300w, https:\/\/video.sovanta.com\/wp-content\/uploads\/2021\/08\/Thumbnail_Time-Workforce-Management_1920x1080-768x432.png 768w, https:\/\/video.sovanta.com\/wp-content\/uploads\/2021\/08\/Thumbnail_Time-Workforce-Management_1920x1080-1536x864.png 1536w, https:\/\/video.sovanta.com\/wp-content\/uploads\/2021\/08\/Thumbnail_Time-Workforce-Management_1920x1080.png 1920w\" sizes=\"(max-width: 1224px) 100vw, 1224px\" \/><\/a><\/figure>\n\n\n\n<div class=\"wp-block-buttons\">\n<div class=\"wp-block-button\"><a class=\"wp-block-button__link\"><\/a><\/div>\n<\/div>\n<\/div>\n\n\n\n<div class=\"wp-block-column\">\n<figure class=\"wp-block-image size-large\"><a href=\"hr-solutions-for-deskless-workforce\" target=\"_blank\" rel=\"noopener\"><img loading=\"lazy\" width=\"1224\" height=\"689\" src=\"http:\/\/video.sovanta.com\/wp-content\/uploads\/2021\/08\/Thumbnail_Deskless-Workforce_1920x1080-1224x689.png\" alt=\"\" class=\"wp-image-3358\" srcset=\"https:\/\/video.sovanta.com\/wp-content\/uploads\/2021\/08\/Thumbnail_Deskless-Workforce_1920x1080-1224x689.png 1224w, https:\/\/video.sovanta.com\/wp-content\/uploads\/2021\/08\/Thumbnail_Deskless-Workforce_1920x1080-300x169.png 300w, https:\/\/video.sovanta.com\/wp-content\/uploads\/2021\/08\/Thumbnail_Deskless-Workforce_1920x1080-768x432.png 768w, https:\/\/video.sovanta.com\/wp-content\/uploads\/2021\/08\/Thumbnail_Deskless-Workforce_1920x1080-1536x864.png 1536w, https:\/\/video.sovanta.com\/wp-content\/uploads\/2021\/08\/Thumbnail_Deskless-Workforce_1920x1080.png 1920w\" sizes=\"(max-width: 1224px) 100vw, 1224px\" \/><\/a><\/figure>\n\n\n\n<div class=\"wp-block-buttons\">\n<div class=\"wp-block-button\"><a class=\"wp-block-button__link\"><\/a><\/div>\n<\/div>\n<\/div>\n<\/div>\n\n\n\n<div style=\"height:10px\" aria-hidden=\"true\" class=\"wp-block-spacer\"><\/div>\n\n\n\n<div class=\"wp-block-group\"><div class=\"wp-block-group__inner-container\">\n<figure class=\"wp-block-image size-large is-resized\"><img loading=\"lazy\" src=\"http:\/\/video.sovanta.com\/wp-content\/uploads\/2021\/08\/PDF-Logo-png.png\" alt=\"\" class=\"wp-image-3133\" width=\"100\" height=\"100\" srcset=\"https:\/\/video.sovanta.com\/wp-content\/uploads\/2021\/08\/PDF-Logo-png.png 512w, https:\/\/video.sovanta.com\/wp-content\/uploads\/2021\/08\/PDF-Logo-png-300x300.png 300w, https:\/\/video.sovanta.com\/wp-content\/uploads\/2021\/08\/PDF-Logo-png-150x150.png 150w\" sizes=\"(max-width: 100px) 100vw, 100px\" \/><\/figure>\n\n\n\n<p><span style=\"color:#3aaa35\" class=\"has-inline-color\">Solution Overview<\/span><br>&#8220;SAP HR Solutions neu gedacht&#8221;<\/p>\n\n\n\n<div class=\"wp-block-file\"><a href=\"http:\/\/video.sovanta.com\/wp-content\/uploads\/2021\/08\/SO-D0009-0721_HR-Solutions-2.pdf\" class=\"wp-block-file__button\" download>Download<\/a><\/div>\n<\/div><\/div>\n\n\n\n<div style=\"height:10px\" aria-hidden=\"true\" class=\"wp-block-spacer\"><\/div>\n\n\n\n<pre class=\"wp-block-verse has-text-align-center\"><span class=\"has-inline-color has-black-color\">Besuchen Sie uns unter <a rel=\"noreferrer noopener\" href=\"http:\/\/www.sovanta.com\" target=\"_blank\">www.sovanta.com<\/a><\/span><\/pre>\n","protected":false},"excerpt":{"rendered":"<p>HR Solution by sovanta HR als Treiber des Digital Workplace Vortrag | 58:41 Minuten | Deutsch Kurzbeschreibung: Das Thema Digital Workplace f\u00fcr Mitarbeiter wird \u2013 gerade in Zeiten von remote-work \u2013 immer wichtiger und stellt Unternehmen vor neue Herausforderungen, um effiziente, nutzergerechte Arbeitspl\u00e4tze bereitzustellen. In diesem Vortrag zeigen wir auf, warum HR in diesem Prozess [&hellip;]<\/p>\n","protected":false},"author":5,"featured_media":0,"parent":0,"menu_order":0,"comment_status":"closed","ping_status":"closed","template":"","meta":[],"_links":{"self":[{"href":"https:\/\/video.sovanta.com\/index.php?rest_route=\/wp\/v2\/pages\/3241"}],"collection":[{"href":"https:\/\/video.sovanta.com\/index.php?rest_route=\/wp\/v2\/pages"}],"about":[{"href":"https:\/\/video.sovanta.com\/index.php?rest_route=\/wp\/v2\/types\/page"}],"author":[{"embeddable":true,"href":"https:\/\/video.sovanta.com\/index.php?rest_route=\/wp\/v2\/users\/5"}],"replies":[{"embeddable":true,"href":"https:\/\/video.sovanta.com\/index.php?rest_route=%2Fwp%2Fv2%2Fcomments&post=3241"}],"version-history":[{"count":12,"href":"https:\/\/video.sovanta.com\/index.php?rest_route=\/wp\/v2\/pages\/3241\/revisions"}],"predecessor-version":[{"id":3403,"href":"https:\/\/video.sovanta.com\/index.php?rest_route=\/wp\/v2\/pages\/3241\/revisions\/3403"}],"wp:attachment":[{"href":"https:\/\/video.sovanta.com\/index.php?rest_route=%2Fwp%2Fv2%2Fmedia&parent=3241"}],"curies":[{"name":"wp","href":"https:\/\/api.w.org\/{rel}","templated":true}]}}