{"id":3152,"date":"2021-08-26T10:36:30","date_gmt":"2021-08-26T08:36:30","guid":{"rendered":"https:\/\/video.sovanta.com\/?page_id=3152"},"modified":"2021-09-23T11:53:01","modified_gmt":"2021-09-23T09:53:01","slug":"hr-solutions-videodatenbank","status":"publish","type":"page","link":"https:\/\/video.sovanta.com\/?page_id=3152","title":{"rendered":"HR Solutions &#8211; Videodatenbank"},"content":{"rendered":"\n<h1><span style=\"color:#3aaa35\" class=\"has-inline-color\"><strong>HR Solutions by sovanta<\/strong><\/span><\/h1>\n\n\n\n<h1>Herzlich Willkommen in unserer Videodatenbank<\/h1>\n\n\n\n<p>Profitieren Sie von exklusivem Content rund um das Thema Digital HR. Unsere sovanta-Experten zeigen in welchen Bereichen durch Digitalisierung und Automatisierung sofort effektive Quick-Wins m\u00f6glich sind und geben einen Ausblick auf die Strategien, die in eine sichere Zukunft f\u00fchren.<\/p>\n\n\n\n<div class=\"wp-block-media-text alignwide is-stacked-on-mobile\" style=\"grid-template-columns:44% auto\"><figure class=\"wp-block-media-text__media\"><a href=\"https:\/\/video.sovanta.com\/self-services-f%C3%BCr-atruvia\" target=\"_blank\" rel=\"noopener\"><img loading=\"lazy\" width=\"1224\" height=\"689\" src=\"https:\/\/video.sovanta.com\/wp-content\/uploads\/2021\/09\/Thumbnail_Attraktive-Self-Services_v01_1920x1080-1224x689.jpg\" alt=\"\" class=\"wp-image-3413 size-full\" srcset=\"https:\/\/video.sovanta.com\/wp-content\/uploads\/2021\/09\/Thumbnail_Attraktive-Self-Services_v01_1920x1080-1224x689.jpg 1224w, https:\/\/video.sovanta.com\/wp-content\/uploads\/2021\/09\/Thumbnail_Attraktive-Self-Services_v01_1920x1080-300x169.jpg 300w, https:\/\/video.sovanta.com\/wp-content\/uploads\/2021\/09\/Thumbnail_Attraktive-Self-Services_v01_1920x1080-768x432.jpg 768w, https:\/\/video.sovanta.com\/wp-content\/uploads\/2021\/09\/Thumbnail_Attraktive-Self-Services_v01_1920x1080-1536x864.jpg 1536w, https:\/\/video.sovanta.com\/wp-content\/uploads\/2021\/09\/Thumbnail_Attraktive-Self-Services_v01_1920x1080.jpg 1920w\" sizes=\"(max-width: 1224px) 100vw, 1224px\" \/><\/a><\/figure><div class=\"wp-block-media-text__content\">\n<h2><strong>&#8220;Das Geheimnis guter Employee Experience &#8211; Attraktive Self-Services&#8221;<\/strong><\/h2>\n\n\n\n<p>Vortrag mit unserem Kunden Atruvia AG | 25:31 Minuten<\/p>\n\n\n\n<p>In unserem Vortrag erfahren Sie, wie wir gemeinsam unserem Kunden Atruvia AG (ehemals Fiducia &amp; GAD IT AG) zukunftsweisende und attraktive Rahmenbedingen f\u00fcr Self-Services schnell und effizient auf Basis von SAP Fiori umgesetzt haben.<\/p>\n\n\n\n<div class=\"wp-block-buttons\">\n<div class=\"wp-block-button is-style-outline\"><a class=\"wp-block-button__link has-cyan-bluish-gray-color has-text-color\" href=\"https:\/\/video.sovanta.com\/self-services-f%C3%BCr-atruvia\" target=\"_blank\" rel=\"noreferrer noopener\">zum Video<\/a><\/div>\n<\/div>\n\n\n\n<p><\/p>\n<\/div><\/div>\n\n\n\n<div class=\"wp-block-media-text alignwide is-stacked-on-mobile is-vertically-aligned-center\" style=\"grid-template-columns:44% auto\"><figure class=\"wp-block-media-text__media\"><a href=\"hr-solutions-for-deskless-workforce\" target=\"_blank\" rel=\"noopener\"><img loading=\"lazy\" width=\"1224\" height=\"689\" src=\"http:\/\/video.sovanta.com\/wp-content\/uploads\/2021\/08\/Thumbnail_Deskless-Workforce_1920x1080-1224x689.png\" alt=\"\" class=\"wp-image-3358 size-full\" srcset=\"https:\/\/video.sovanta.com\/wp-content\/uploads\/2021\/08\/Thumbnail_Deskless-Workforce_1920x1080-1224x689.png 1224w, https:\/\/video.sovanta.com\/wp-content\/uploads\/2021\/08\/Thumbnail_Deskless-Workforce_1920x1080-300x169.png 300w, https:\/\/video.sovanta.com\/wp-content\/uploads\/2021\/08\/Thumbnail_Deskless-Workforce_1920x1080-768x432.png 768w, https:\/\/video.sovanta.com\/wp-content\/uploads\/2021\/08\/Thumbnail_Deskless-Workforce_1920x1080-1536x864.png 1536w, https:\/\/video.sovanta.com\/wp-content\/uploads\/2021\/08\/Thumbnail_Deskless-Workforce_1920x1080.png 1920w\" sizes=\"(max-width: 1224px) 100vw, 1224px\" \/><\/a><\/figure><div class=\"wp-block-media-text__content\">\n<h2><strong>&#8220;Deskless Workforce &#8211; Die vergessene Gruppe der Digitalisierung?&#8221;<\/strong><\/h2>\n\n\n\n<p>Vortrag | 24:15 Minuten<\/p>\n\n\n\n<p>Christian Heinrich, Head of Marketing &amp; Solutions, berichtet gemeinsam mit Michael Kern, Vorstandsmitglied der sovanta AG \u00fcber die Einsatzszenarien und Potenziale zur digitalen Unterst\u00fctzung der Deskless Workforce.<\/p>\n\n\n\n<div class=\"wp-block-buttons\">\n<div class=\"wp-block-button is-style-outline\"><a class=\"wp-block-button__link has-cyan-bluish-gray-color has-text-color\" href=\"https:\/\/video.sovanta.com\/hr-solutions-for-deskless-workforce\" target=\"_blank\" rel=\"noreferrer noopener\">zum Video<\/a><\/div>\n<\/div>\n\n\n\n<p><\/p>\n<\/div><\/div>\n\n\n\n<div class=\"wp-block-media-text alignwide is-stacked-on-mobile\" style=\"grid-template-columns:44% auto\"><figure class=\"wp-block-media-text__media\"><a href=\"hr-als-treiber-des-digital-workplace\" target=\"_blank\" rel=\"noopener\"><img loading=\"lazy\" width=\"1224\" height=\"689\" src=\"http:\/\/video.sovanta.com\/wp-content\/uploads\/2021\/08\/Thumbnail_Digital-Workplace_1920x1080-1224x689.png\" alt=\"\" class=\"wp-image-3341 size-full\" srcset=\"https:\/\/video.sovanta.com\/wp-content\/uploads\/2021\/08\/Thumbnail_Digital-Workplace_1920x1080-1224x689.png 1224w, https:\/\/video.sovanta.com\/wp-content\/uploads\/2021\/08\/Thumbnail_Digital-Workplace_1920x1080-300x169.png 300w, https:\/\/video.sovanta.com\/wp-content\/uploads\/2021\/08\/Thumbnail_Digital-Workplace_1920x1080-768x432.png 768w, https:\/\/video.sovanta.com\/wp-content\/uploads\/2021\/08\/Thumbnail_Digital-Workplace_1920x1080-1536x864.png 1536w, https:\/\/video.sovanta.com\/wp-content\/uploads\/2021\/08\/Thumbnail_Digital-Workplace_1920x1080.png 1920w\" sizes=\"(max-width: 1224px) 100vw, 1224px\" \/><\/a><\/figure><div class=\"wp-block-media-text__content\">\n<h2><strong>&#8220;HR als Treiber des Digital Workplace&#8221;<\/strong><\/h2>\n\n\n\n<p>Webinar | 58:41 Minuten<\/p>\n\n\n\n<p>Christian Heinrich, Head of Marketing &amp; Solutions, erkl\u00e4rt warum es f\u00fcr Unternehmen jetzt wichtig ist, effiziente, nutzergerechte Arbeitspl\u00e4tze bereitzustellen und erl\u00e4utert, wie die Personalabteilung mit dem SAP Fiori Launchpad und SAP WorkZone zur Schaltzentrale f\u00fcr den Digital Workplace wird.<\/p>\n\n\n\n<div class=\"wp-block-buttons\">\n<div class=\"wp-block-button is-style-outline\"><a class=\"wp-block-button__link has-cyan-bluish-gray-color has-text-color\" href=\"https:\/\/video.sovanta.com\/hr-als-treiber-des-digital-workplace\" target=\"_blank\" rel=\"noreferrer noopener\">zum Video<\/a><\/div>\n<\/div>\n\n\n\n<p><\/p>\n<\/div><\/div>\n\n\n\n<div class=\"wp-block-media-text alignwide is-stacked-on-mobile\" style=\"grid-template-columns:44% auto\"><figure class=\"wp-block-media-text__media\"><a href=\"intelligent-hr-solutions\" target=\"_blank\" rel=\"noopener\"><img loading=\"lazy\" width=\"1224\" height=\"689\" src=\"http:\/\/video.sovanta.com\/wp-content\/uploads\/2021\/08\/Thumbnail_Intelligent-HR_1920x1080-1224x689.png\" alt=\"\" class=\"wp-image-3339 size-full\" srcset=\"https:\/\/video.sovanta.com\/wp-content\/uploads\/2021\/08\/Thumbnail_Intelligent-HR_1920x1080-1224x689.png 1224w, https:\/\/video.sovanta.com\/wp-content\/uploads\/2021\/08\/Thumbnail_Intelligent-HR_1920x1080-300x169.png 300w, https:\/\/video.sovanta.com\/wp-content\/uploads\/2021\/08\/Thumbnail_Intelligent-HR_1920x1080-768x432.png 768w, https:\/\/video.sovanta.com\/wp-content\/uploads\/2021\/08\/Thumbnail_Intelligent-HR_1920x1080-1536x864.png 1536w, https:\/\/video.sovanta.com\/wp-content\/uploads\/2021\/08\/Thumbnail_Intelligent-HR_1920x1080.png 1920w\" sizes=\"(max-width: 1224px) 100vw, 1224px\" \/><\/a><\/figure><div class=\"wp-block-media-text__content\">\n<h2><strong>&#8220;So funktioniert das intelligente Unternehmen im HR&#8221;<\/strong><\/h2>\n\n\n\n<p>Vortrag | 27:00 Minuten<\/p>\n\n\n\n<p>Der Weg zum Intelligent Enterprise f\u00fchrt \u00fcber die Digitalisierung. Dr. Tommi Kramer, Head of Data Science der sovanta AG, geht gemeinsam mit Akin Aritmac, Head of Customer Engagement und Mitglied der Gesch\u00e4ftsf\u00fchrung der sovanta AG, der aktuellen Rolle der Personalabteilung \u2013 und wie man sie durch Automatisierung und KI optimal unterst\u00fctzen kann \u2013 auf den Grund.<\/p>\n\n\n\n<div class=\"wp-block-buttons\">\n<div class=\"wp-block-button is-style-outline\"><a class=\"wp-block-button__link has-cyan-bluish-gray-color has-text-color\" href=\"https:\/\/video.sovanta.com\/intelligent-hr-solutions\" target=\"_blank\" rel=\"https:\/\/video.sovanta.com\/intelligent-hr-solutions noopener\">zum Video<\/a><\/div>\n<\/div>\n\n\n\n<p><\/p>\n<\/div><\/div>\n\n\n\n<div class=\"wp-block-media-text alignwide is-stacked-on-mobile\" style=\"grid-template-columns:44% auto\"><figure class=\"wp-block-media-text__media\"><a href=\"corporate-employee-profile\" target=\"_blank\" rel=\"noopener\"><img loading=\"lazy\" width=\"1224\" height=\"689\" src=\"http:\/\/video.sovanta.com\/wp-content\/uploads\/2021\/08\/Thumbnail_Corporate_Employee_Profile-1224x689.png\" alt=\"\" class=\"wp-image-3321 size-full\" srcset=\"https:\/\/video.sovanta.com\/wp-content\/uploads\/2021\/08\/Thumbnail_Corporate_Employee_Profile-1224x689.png 1224w, https:\/\/video.sovanta.com\/wp-content\/uploads\/2021\/08\/Thumbnail_Corporate_Employee_Profile-300x169.png 300w, https:\/\/video.sovanta.com\/wp-content\/uploads\/2021\/08\/Thumbnail_Corporate_Employee_Profile-768x432.png 768w, https:\/\/video.sovanta.com\/wp-content\/uploads\/2021\/08\/Thumbnail_Corporate_Employee_Profile-1536x864.png 1536w, https:\/\/video.sovanta.com\/wp-content\/uploads\/2021\/08\/Thumbnail_Corporate_Employee_Profile.png 1920w\" sizes=\"(max-width: 1224px) 100vw, 1224px\" \/><\/a><\/figure><div class=\"wp-block-media-text__content\">\n<h2><strong>&#8220;Corporate Employee Profile &#8211; Mitarbeiter managen, entwickeln und begeistern&#8221;<\/strong><\/h2>\n\n\n\n<p>Vortrag | 20:30 Minuten<\/p>\n\n\n\n<p>In diesem Vortrag beleuchtet Akin Aritmac, Head of Customer Engagement und Mitglied der Gesch\u00e4ftsf\u00fchrung der sovanta AG, die Werkzeuge, die den zentralen Blick auf und f\u00fcr den Mitarbeiter bereitstellen, um vielf\u00e4ltigen Rollen gerecht zu werden und sie zu unterst\u00fctzen.<\/p>\n\n\n\n<div class=\"wp-block-buttons\">\n<div class=\"wp-block-button is-style-outline\"><a class=\"wp-block-button__link has-cyan-bluish-gray-color has-text-color\" href=\"https:\/\/video.sovanta.com\/corporate-employee-profile\" target=\"_blank\" rel=\"noreferrer noopener\">zum Video<\/a><\/div>\n<\/div>\n\n\n\n<p><\/p>\n<\/div><\/div>\n\n\n\n<div class=\"wp-block-media-text alignwide is-stacked-on-mobile\" style=\"grid-template-columns:44% auto\"><figure class=\"wp-block-media-text__media\"><a href=\"ux-score-for-hr-solutions\" target=\"_blank\" rel=\"noopener\"><img loading=\"lazy\" width=\"1224\" height=\"689\" src=\"http:\/\/video.sovanta.com\/wp-content\/uploads\/2021\/08\/Thumbnail_UX_greifbar_machen-1224x689.png\" alt=\"\" class=\"wp-image-3322 size-full\" srcset=\"https:\/\/video.sovanta.com\/wp-content\/uploads\/2021\/08\/Thumbnail_UX_greifbar_machen-1224x689.png 1224w, https:\/\/video.sovanta.com\/wp-content\/uploads\/2021\/08\/Thumbnail_UX_greifbar_machen-300x169.png 300w, https:\/\/video.sovanta.com\/wp-content\/uploads\/2021\/08\/Thumbnail_UX_greifbar_machen-768x432.png 768w, https:\/\/video.sovanta.com\/wp-content\/uploads\/2021\/08\/Thumbnail_UX_greifbar_machen-1536x864.png 1536w, https:\/\/video.sovanta.com\/wp-content\/uploads\/2021\/08\/Thumbnail_UX_greifbar_machen.png 1920w\" sizes=\"(max-width: 1224px) 100vw, 1224px\" \/><\/a><\/figure><div class=\"wp-block-media-text__content\">\n<h2><strong>&#8220;UX Score &#8211; User Experience greifbar machen&#8221;<\/strong><\/h2>\n\n\n\n<p>Vortrag | 28:40 Minuten<\/p>\n\n\n\n<p>Die User Experience einer Applikation entscheidet \u00fcber ihren Erfolg &#8211; mit dem UX Score by sovanta wird es kinderleicht, sie zu messen. Carolin Harms, Head of Design, und Christian Heinrich, Head of Marketing &amp; Solutions, erl\u00e4utern die Vorteile, die sich aus dem Messen der Benutzererfahrung ergeben.<\/p>\n\n\n\n<div class=\"wp-block-buttons\">\n<div class=\"wp-block-button is-style-outline\"><a class=\"wp-block-button__link has-cyan-bluish-gray-color has-text-color\" href=\"https:\/\/video.sovanta.com\/ux-score-for-hr-solutions\" target=\"_blank\" rel=\"noreferrer noopener\">zum Video<\/a><\/div>\n<\/div>\n\n\n\n<p><\/p>\n<\/div><\/div>\n\n\n\n<div class=\"wp-block-media-text alignwide is-stacked-on-mobile\" style=\"grid-template-columns:44% auto\"><figure class=\"wp-block-media-text__media\"><a href=\"workforce-management\" target=\"_blank\" rel=\"noopener\"><img loading=\"lazy\" width=\"1224\" height=\"689\" src=\"http:\/\/video.sovanta.com\/wp-content\/uploads\/2021\/08\/Thumbnail_Time-Workforce-Management_1920x1080-1224x689.png\" alt=\"\" class=\"wp-image-3352 size-full\" srcset=\"https:\/\/video.sovanta.com\/wp-content\/uploads\/2021\/08\/Thumbnail_Time-Workforce-Management_1920x1080-1224x689.png 1224w, https:\/\/video.sovanta.com\/wp-content\/uploads\/2021\/08\/Thumbnail_Time-Workforce-Management_1920x1080-300x169.png 300w, https:\/\/video.sovanta.com\/wp-content\/uploads\/2021\/08\/Thumbnail_Time-Workforce-Management_1920x1080-768x432.png 768w, https:\/\/video.sovanta.com\/wp-content\/uploads\/2021\/08\/Thumbnail_Time-Workforce-Management_1920x1080-1536x864.png 1536w, https:\/\/video.sovanta.com\/wp-content\/uploads\/2021\/08\/Thumbnail_Time-Workforce-Management_1920x1080.png 1920w\" sizes=\"(max-width: 1224px) 100vw, 1224px\" \/><\/a><\/figure><div class=\"wp-block-media-text__content\">\n<h2><strong>&#8220;Time &amp; Workforce Management&#8221;<\/strong><\/h2>\n\n\n\n<p>Vortrag | 27:57 Minuten<\/p>\n\n\n\n<p>Akin Aritmac, Head of Customer Engagement und Mitglied der Gesch\u00e4ftsf\u00fchrung der sovanta AG, zeigt verschiedene Ans\u00e4tze und digitale L\u00f6sungen, mit denen Unternehmen die Themen Zeitwirtschaft und Personaleinsatzplanung mit den richtigen, am Nutzer orientierten, Tools optimieren und eine herausragende Employee Experience f\u00fcr ihre Belegschaft sicherstellen.<\/p>\n\n\n\n<div class=\"wp-block-buttons\">\n<div class=\"wp-block-button is-style-outline\"><a class=\"wp-block-button__link has-cyan-bluish-gray-color has-text-color\" href=\"https:\/\/video.sovanta.com\/workforce-management\" target=\"_blank\" rel=\"noreferrer noopener\">zum Video<\/a><\/div>\n<\/div>\n\n\n\n<p><\/p>\n<\/div><\/div>\n\n\n\n<div class=\"wp-block-media-text alignwide is-stacked-on-mobile\" style=\"grid-template-columns:44% auto\"><figure class=\"wp-block-media-text__media\"><a href=\"employee-experience-management\" target=\"_blank\" rel=\"noopener\"><img loading=\"lazy\" width=\"1224\" height=\"689\" src=\"http:\/\/video.sovanta.com\/wp-content\/uploads\/2021\/08\/Thumbnail_Employee-Experience-Management_1920x1080-1224x689.png\" alt=\"\" class=\"wp-image-3351 size-full\" srcset=\"https:\/\/video.sovanta.com\/wp-content\/uploads\/2021\/08\/Thumbnail_Employee-Experience-Management_1920x1080-1224x689.png 1224w, https:\/\/video.sovanta.com\/wp-content\/uploads\/2021\/08\/Thumbnail_Employee-Experience-Management_1920x1080-300x169.png 300w, https:\/\/video.sovanta.com\/wp-content\/uploads\/2021\/08\/Thumbnail_Employee-Experience-Management_1920x1080-768x432.png 768w, https:\/\/video.sovanta.com\/wp-content\/uploads\/2021\/08\/Thumbnail_Employee-Experience-Management_1920x1080-1536x864.png 1536w, https:\/\/video.sovanta.com\/wp-content\/uploads\/2021\/08\/Thumbnail_Employee-Experience-Management_1920x1080.png 1920w\" sizes=\"(max-width: 1224px) 100vw, 1224px\" \/><\/a><\/figure><div class=\"wp-block-media-text__content\">\n<h2><strong>&#8220;Employee Experience Management&#8221;<\/strong><\/h2>\n\n\n\n<p>Vortrag | 35:44 Minuten<\/p>\n\n\n\n<p>Carolin Metzger, Head of Design und Andrew White, Head of Data Science, stellen das Thema Employee Experience Management vor und erkl\u00e4ren, warum es so wichtig ist, das Nutzererlebnis der Mitarbeiter optimal auf Basis von User Insights und operativen Daten zu gestalten. Zudem geben sie anhand von Kundenbeispielen Einblicke in verschiedene Survey-Ans\u00e4tze wie \u201eMoments that Matter\u201c und \u201ekontinuierliches Feedback\u201c.<\/p>\n\n\n\n<div class=\"wp-block-buttons\">\n<div class=\"wp-block-button is-style-outline\"><a class=\"wp-block-button__link has-cyan-bluish-gray-color has-text-color\" href=\"https:\/\/video.sovanta.com\/employee-experience-management\" target=\"_blank\" rel=\"noreferrer noopener\">zum Video<\/a><\/div>\n<\/div>\n<\/div><\/div>\n\n\n\n<div style=\"height:58px\" aria-hidden=\"true\" class=\"wp-block-spacer\"><\/div>\n\n\n\n<pre class=\"wp-block-verse has-text-align-center\"><span class=\"has-inline-color has-black-color\">Besuchen Sie uns unter <a rel=\"noreferrer noopener\" href=\"http:\/\/www.sovanta.com\" target=\"_blank\">www.sovanta.com<\/a><\/span><\/pre>\n","protected":false},"excerpt":{"rendered":"<p>HR Solutions by sovanta Herzlich Willkommen in unserer Videodatenbank Profitieren Sie von exklusivem Content rund um das Thema Digital HR. Unsere sovanta-Experten zeigen in welchen Bereichen durch Digitalisierung und Automatisierung sofort effektive Quick-Wins m\u00f6glich sind und geben einen Ausblick auf die Strategien, die in eine sichere Zukunft f\u00fchren.<\/p>\n","protected":false},"author":5,"featured_media":0,"parent":0,"menu_order":0,"comment_status":"closed","ping_status":"closed","template":"","meta":[],"_links":{"self":[{"href":"https:\/\/video.sovanta.com\/index.php?rest_route=\/wp\/v2\/pages\/3152"}],"collection":[{"href":"https:\/\/video.sovanta.com\/index.php?rest_route=\/wp\/v2\/pages"}],"about":[{"href":"https:\/\/video.sovanta.com\/index.php?rest_route=\/wp\/v2\/types\/page"}],"author":[{"embeddable":true,"href":"https:\/\/video.sovanta.com\/index.php?rest_route=\/wp\/v2\/users\/5"}],"replies":[{"embeddable":true,"href":"https:\/\/video.sovanta.com\/index.php?rest_route=%2Fwp%2Fv2%2Fcomments&post=3152"}],"version-history":[{"count":64,"href":"https:\/\/video.sovanta.com\/index.php?rest_route=\/wp\/v2\/pages\/3152\/revisions"}],"predecessor-version":[{"id":3417,"href":"https:\/\/video.sovanta.com\/index.php?rest_route=\/wp\/v2\/pages\/3152\/revisions\/3417"}],"wp:attachment":[{"href":"https:\/\/video.sovanta.com\/index.php?rest_route=%2Fwp%2Fv2%2Fmedia&parent=3152"}],"curies":[{"name":"wp","href":"https:\/\/api.w.org\/{rel}","templated":true}]}}